 remainder when s is divided by 5.
3
Let h(o) = 22*o**2 + 1. Let n be h(1). Suppose -3*k + 2*v = -91, 2*k - n = -2*v + 41. Let x = k - 14. What is the remainder when 65 is divided by x?
14
What is the remainder when 33 is divided by -1 + (-21)/(-3) - -1?
5
Suppose -9 = -3*d + 3. Suppose k = 3*x - 13 + 35, -3*k = -d*x - 31. Let o = x - -26. Calculate the remainder when 73 is divided by o.
16
Suppose -91 = -4*x - 2*u + 43, -5*x = 3*u - 170. What is the remainder when 87 + (6 - 6/6) is divided by x?
30
Suppose 45*t - 258 = 44*t. Calculate the remainder when t is divided by 90.
78
Let v(r) = -r**3 - 2*r**2 + 3*r - 4. Let a be v(-3). Let x be a/20 - 58/10. What is the remainder when (-3)/(x*(-4)/(-304)) is divided by 13?
12
Suppose 5*d - 6 + 0 = a, 51 = 4*a + 5*d. Let h be (16/5 - 2)*(-10)/(-2). Suppose 0 = r + v - 5 - 26, 0 = -2*v - h. What is the remainder when r is divided by a?
7
Suppose 196 = 4*m - 4*i, 2*i + 113 + 73 = 4*m. Calculate the remainder when 193 is divided by m.
17
Let r(g) = g**2 - 2*g. Let c = 60 + -64. What is the remainder when r(c) is divided by 9?
6
Let i(k) = -2*k**2 - 33*k - 29. Let g be i(-15). Suppose g*t = 11*t + 50. What is the remainder when 28 is divided by t?
8
Let y(z) = -z**2 - 30*z - 96. Let o = -1 + 0. Calculate the remainder when 1*34 + o - 2 is divided by y(-4).
7
Let x = 312 + -198. Calculate the remainder when x is divided by 23.
22
What is the remainder when (0 + 1)/(-1) - -138 is divided by 24/(-28) - (-808)/28?
25
Let w(k) = k**2 - 5*k + 5. Calculate the remainder when (545*(-2)/(-30))/(3/9) is divided by w(7).
14
Suppose -28*a + 32*a + 20 = 0. Let u be (-1)/a - 462/(-15). Suppose 0 = t - u - 21. What is the remainder when t is divided by 27?
25
Suppose 0 = -11*m + 9*m. Suppose 3*a = -4*x + 55, x + 3*a + 3 = 19. What is the remainder when x is divided by m - 3 - (1 + -11)?
6
Suppose -m + 4*m = 21. Suppose o - 2 = 3*o. What is the remainder when m is divided by 1*o/(4/(-20))?
2
Let y(n) = 5*n - 1. Calculate the remainder when y(2) is divided by 3 + 7 + -12 + 9.
2
Let l = 1277 - 536. What is the remainder when l is divided by 93?
90
What is the remainder when (3/(-1) + 4)/((-1)/(-63)) is divided by 4?
3
Let z be -2 + 9*(-3 - 30/(-9)). Suppose -7 = -p - z. Calculate the remainder when p is divided by 2.
0
Let w be (4/16)/((-2)/(-40)). Suppose r + 1 = 5. Suppose w + 59 = r*l. What is the remainder when 61 is divided by l?
13
Suppose 0 = m + h - 11 + 8, -2*h - 1 = m. What is the remainder when 26 is divided by m?
5
Suppose -8 = 2*q - 14. Calculate the remainder when 28 is divided by (-8)/2 + (24 - q).
11
Let k(l) = 8*l**2 - 1. Let w be k(-1). Let a = 14 - w. Calculate the remainder when 46 is divided by -10 + a - 54/(-2).
22
Let z(p) = 15*p - 355. What is the remainder when 397 is divided by z(25)?
17
Let h = -23 + 34. Let g = 49 + -47. Suppose g*o - 28 = -2*o. Calculate the remainder when h is divided by o.
4
Suppose 1 = -8*b + 25. Suppose -b*m - i = -130, -3*m + 6*m + 5*i = 122. What is the remainder when m is divided by 15?
14
Let w(a) = -a**3 + 8*a**2 - 5*a - 1. Let p be (0 - (-1 + 1)) + 0. Suppose p = -4*u, 0 = -z + 2*u - u + 7. What is the remainder when 23 is divided by w(z)?
10
Suppose 2*r - 34 = 28. Calculate the remainder when (-12)/(-3) + 50/(-30)*-33 is divided by r.
28
Suppose 0 = 12*f - 16*f + 2*n + 206, -3*n = 3*f - 168. Calculate the remainder when f is divided by ((-1)/1)/(2/(-16)).
5
Let h be ((-6)/(-9))/(6/9). What is the remainder when h/(2 + 260/(-132)) is divided by 12?
9
Suppose 4*w - 39 = 25. What is the remainder when 45 is divided by w?
13
Let o = 75 - 25. Let p = 64 - o. Let y(x) = x**3 + x**2 - x + 54. What is the remainder when y(0) is divided by p?
12
Suppose 2*y - 6 = -2. Let b be (2 + -3)*42/3. What is the remainder when 11 is divided by (12 + b)/(y/(-3))?
2
Suppose 0 = -107*d - 10634 + 100514. Calculate the remainder when d is divided by 18.
12
Let d(p) be the second derivative of p**4/12 + 11*p**3/6 - 4*p**2 + 3*p. Calculate the remainder when 7 is divided by d(-12).
3
Suppose 0 = -3*v + 9, 5*z - v - 34 - 118 = 0. Let r = -26 + z. What is the remainder when 14 is divided by r?
4
Suppose 0 = 2*i, -5*l + 32 = -i - 18. Let z = 35 - 5. Let c = 78 - z. What is the remainder when c is divided by l?
8
Let x = 450 + -293. What is the remainder when x is divided by 45?
22
Let g(n) = n + 10. Let o be g(-10). Suppose 4*w + 2*b - 210 = w, o = -w + 3*b + 59. Calculate the remainder when w is divided by 14.
12
Suppose -8 = -y - 4*q, 0*y + 4*y - 3*q = -44. Let a = 11 + y. What is the remainder when 9 is divided by a?
0
Let m(a) = -2*a**3 - 7*a**2 - 10*a - 9. Calculate the remainder when 41 is divided by m(-3).
5
Suppose 367 = -4*d + 435. Calculate the remainder when 57 is divided by d.
6
Let z = -8 + 27. What is the remainder when z is divided by (2 + 0)*27/6?
1
Suppose -2*h + 0*h + 84 = 0. Let z(q) = 207*q - 1640. What is the remainder when h is divided by z(8)?
10
Let s(g) = -36*g - 14. What is the remainder when 123 is divided by s(-1)?
13
Let i(m) = -3*m - 25. Let c be i(-11). Let p be (-624)/(-18)*30/c. Suppose -4*r + p = r. What is the remainder when 75 is divided by r?
23
Let h(k) = -k**2 - 15*k - 20. What is the remainder when 47 is divided by h(-10)?
17
Let r be 18/10 - 9/(-45). Suppose -s = 2*s - 21. Suppose 2*v + 28 = s*v + r*a, v + a - 5 = 0. Calculate the remainder when 11 is divided by v.
5
Let g(d) = -d**2 + 10*d - 10. Let f be g(9). What is the remainder when (-11 - -9)/(f/45) is divided by 23?
21
Suppose 0*q - 4*x - 18 = -q, -q - 5*x = 9. Calculate the remainder when (4 - 100/q)*-15 is divided by 48.
46
Let h = 60 + 0. Let b = 139 + -130. Calculate the remainder when h is divided by b.
6
Let a = -55 - -64. Suppose u = -a*u + 330. What is the remainder when 63 is divided by u?
30
Let x = -74 - -39. Let f = x - -42. What is the remainder when 33 is divided by f?
5
Let d = -307 + 316. What is the remainder when d is divided by 6?
3
Suppose 5*r = -22 + 227. Let d = r + -21. Let l(v) = v**2 + 8*v - 77. Calculate the remainder when d is divided by l(6).
6
Let a be 3*3/((-12)/(-4)). Suppose -g + 2*n + 102 = 0, -5*g - a*n = -6*n - 510. Suppose f + f = g. Calculate the remainder when f is divided by 13.
12
Suppose 0 = -5*q + 5*z + 40, 10*q - 52 = 5*q + z. Calculate the remainder when 59 is divided by q.
4
Suppose 7*j - 11*j = -32. Suppose 72 + 208 = j*t. What is the remainder when t is divided by 8?
3
What is the remainder when 38 is divided by 3 - 8/1 - (-2 + -20)?
4
Suppose 0 = 33*w - 39*w. Let t(u) = u**3 + 7. Calculate the remainder when 13 is divided by t(w).
6
Let i(t) = 7*t - 20. Calculate the remainder when 243 is divided by i(9).
28
Let h(t) = -10*t + 151. Calculate the remainder when 57 is divided by h(12).
26
Suppose -2*l + 54 = -0*l. Let i = -8 - -8. Suppose 5*f + 0*j - 40 = -2*j, 4*f + 3*j - 25 = i. What is the remainder when l is divided by f?
7
Let s = 18 - 12. Suppose 107 = s*k - 193. Suppose 5*c = 2*r + k, 5*c + 2*r - 35 = r. Calculate the remainder when 14 is divided by c.
6
Let o(l) = l**3 - 5*l**2 - 3*l - 3. Suppose -8*y - 390 = -3*y. Let m = y - -82. Calculate the remainder when o(6) is divided by m.
3
Let x(y) = -y**3 + 3*y**2 - 1. Let z be x(2). Suppose 10 + 2 = 4*i - o, -8 = i - z*o. Calculate the remainder when i is divided by 2.
0
Suppose 3*i = -2*i. Suppose i*o - 2 = -2*o. What is the remainder when 1/3 + (-15)/(-9) is divided by o?
0
Let c(l) = l**2 + l + 30. Let g be c(0). Let r = 37 - g. Let n = 4 - -29. Calculate the remainder when n is divided by r.
5
Let r = -20 + 34. What is the remainder when r is divided by 4*((-26)/(-8) + -1)?
5
Suppose 46*h - 57*h + 176 = 0. What is the remainder when 37 is divided by h?
5
What is the remainder when ((0 - 1) + 0)/(12/(-108)) is divided by 6?
3
Suppose -10*a = -7*a - 4*f - 346, -f = -2*a + 234. What is the remainder when a is divided by 36?
10
What is the remainder when 1*35 + (-14 - -6 - -8) is divided by 9?
8
Suppose -3*x - k = -36, 2*x - 20 = -k + 3. Calculate the remainder when 74 is divided by x.
9
Suppose 60 = 5*x + 5*h, 6 - 2 = -x - 5*h. Let b = x - -22. What is the remainder when 74 is divided by b?
36
Let f = 39 - 15. Let q = f - 22. What is the remainder when 26 is divided by 3/q*28/3?
12
Let u be 48